
5, 811, 80191
What are the prime factors of 5858667?
3, 29, 22447
What are the prime factors of 464705543?
464705543
What are the prime factors of 10407304?
2, 47, 89, 311
List the prime factors of 493780101.
3, 1789, 92003
List the prime factors of 26371553.
13, 2028581
List the prime factors of 74724864.
2, 3, 48649
List the prime factors of 973595700.
2, 3, 5, 7, 11, 223
List the prime factors of 1142901719.
25693, 44483
List the prime factors of 223825075.
5, 23, 97, 4013
List the prime factors of 3176025646.
2, 17, 93412519
What are the prime factors of 81653494?
2, 13, 317, 9907
What are the prime factors of 3694399218?
2, 3, 41, 5005961
What are the prime factors of 3137131282?
2, 4441, 353201
What are the prime factors of 1463378326?
2, 17, 3491, 12329
List the prime factors of 80234053.
349, 229897
What are the prime factors of 865478544?
2, 3, 7, 37, 43, 1619
List the prime factors of 17288672.
2, 540271
List the prime factors of 5557678092.
2, 3, 37, 4172431
What are the prime factors of 2706514210?
2, 5, 31, 8730691
List the prime factors of 966136.
2, 120767
List the prime factors of 1384654565.
5, 7, 39561559
What are the prime factors of 805198536?
2, 3, 23, 61, 2657
What are the prime factors of 49070108?
2, 61, 201107
What are the prime factors of 2593974553?
61, 42524173
What are the prime factors of 20636820?
2, 3, 5, 114649
List the prime factors of 353063428.
2, 463, 190639
List the prime factors of 1938464093.
2267, 855079
What are the prime factors of 3163226456?
2, 13, 223, 136393
List the prime factors of 587303208.
2, 3, 8156989
List the prime factors of 8658494394.
2, 3, 11, 23, 37, 154159
What are the prime factors of 195182988?
2, 3, 7, 11, 13, 16249
What are the prime factors of 625837?
625837
List the prime factors of 180428992.
2, 2819203
List the prime factors of 982734270.
2, 3, 5, 7, 4679687
What are the prime factors of 10053451?
19, 529129
List the prime factors of 2643004124.
2, 131, 167, 30203
List the prime factors of 1774503281.
593, 2992417
What are the prime factors of 229153231?
2029, 112939
List the prime factors of 774404733.
3, 23, 809, 13873
List the prime factors of 154746443.
101, 1532143
What are the prime factors of 3593632943?
199, 4139, 4363
What are the prime factors of 84476421?
3, 797, 11777
What are the prime factors of 35212700?
2, 5, 19, 43, 431
What are the prime factors of 1326633032?
2, 233, 711713
List the prime factors of 480550505.
5, 223, 430987
What are the prime factors of 569746326?
2, 3, 2083, 45587
What are the prime factors of 4800859974?
2, 3, 266714443
What are the prime factors of 67703294?
2, 1249, 27103
List the prime factors of 89021151.
3, 9891239
What are the prime factors of 125218500?
2, 3, 5, 11, 7589
What are the prime factors of 69481742?
2, 11, 137, 23053
List the prime factors of 95594675.
5, 11, 149, 2333
List the prime factors of 5513550412.
2, 29, 37, 331, 3881
List the prime factors of 1892628779.
19, 641, 8179
List the prime factors of 546529136.
2, 433, 78887
List the prime factors of 239387245.
5, 1823, 26263
What are the prime factors of 1383304304?
2, 86456519
What are the prime factors of 74319270?
2, 3, 5, 2477309
List the prime factors of 77185215.
3, 5, 43, 113, 353
What are the prime factors of 54607287?
3, 7, 2600347
List the prime factors of 937736441.
937736441
List the prime factors of 120402813.
3, 40134271
List the prime factors of 258322913.
23, 11231431
What are the prime factors of 6646690035?
3, 5, 49234741
List the prime factors of 2512910402.
2, 23, 1523, 35869
List the prime factors of 19366970.
2, 5, 7, 276671
List the prime factors of 1331847248.
2, 97, 858149
What are the prime factors of 280395333?
3, 1549, 20113
What are the prime factors of 54622496?
2, 17, 31, 41, 79
What are the prime factors of 1096138452?
2, 3, 91344871
List the prime factors of 5166678989.
199, 607, 42773
What are the prime factors of 971817281?
751, 1294031
What are the prime factors of 518791322?
2, 7, 5293789
What are the prime factors of 38957912?
2, 7, 695677
List the prime factors of 1036909246.
2, 518454623
What are the prime factors of 485283334?
2, 257, 503, 1877
What are the prime factors of 76071266?
2, 38035633
What are the prime factors of 83284002?
2, 3, 4626889
List the prime factors of 139816543.
233, 600071
List the prime factors of 68868390.
2, 3, 5, 61, 37633
What are the prime factors of 863330337?
3, 95925593
List the prime factors of 4205455279.
3911, 1075289
List the prime factors of 3099715386.
2, 3, 709, 728659
List the prime factors of 1675618998.
2, 3, 59, 4733387
What are the prime factors of 348095198?
2, 11, 89, 139, 1279
What are the prime factors of 55690115?
5, 13, 383, 2237
List the prime factors of 137555664.
2, 3, 2865743
What are the prime factors of 48571341?
3, 7, 13, 177917
List the prime factors of 1961096218.
2, 6427, 152567
What are the prime factors of 44366600?
2, 5, 17, 13049
What are the prime factors of 45949591?
277, 165883
What are the prime factors of 148451983?
71, 2090873
What are the prime factors of 184590702?
2, 3, 10255039
List the prime factors of 3809509601.
271, 14057231
What are the prime factors of 233340846?
2, 3, 38890141
What are the prime factors of 77234604?
2, 3, 17, 378601
List the prime factors of 110246032.
2, 13, 61, 8689
List the prime factors of 6113180913.
3, 7, 47, 103, 60133
List the prime factors of 63163054.
2, 271, 116537
What are the prime factors of 50191652?
2, 7, 1792559
List the prime factors of 182057478.
2, 3, 3229, 9397
What are the prime factors of 1532386281?
3, 1123, 454849
List the prime factors of 9943586.
2, 211, 23563
List the prime factors of 2144293138.
2, 13, 82472813
List the prime factors of 48128070.
2, 3, 5, 59, 27191
List the prime factors of 105608910.
2, 3, 5, 11, 320027
What are the prime factors of 389918060?
2, 5, 7, 2785129
What are the prime factors of 1848547761?
3, 1693, 363959
List the prime factors of 167888975.
5, 29, 231571
What are the prime factors of 3154760150?
2, 5, 409, 154267
What are the prime factors of 212647139?
997, 213287
List the prime factors of 132751301.
37, 3587873
List the prime factors of 2428148814.
2, 3, 7, 13, 19, 97, 127
List the prime factors of 7546417103.
37, 1889, 107971
What are the prime factors of 192647670?
2, 3, 5, 6421589
What are the prime factors of 3459548293?
3459548293
List the prime factors of 72040530.
2, 3, 5, 359, 6689
What are the prime factors of 1922973140?
2, 5, 11, 149, 5333
What are the prime factors of 41995955?
5, 8399191
List the prime factors of 1217174137.
1217174137
List the prime factors of 796564232.
2, 99570529
What are the prime factors of 595754417?
139, 1013, 4231
List the prime factors of 751274352.
2, 3, 199, 971
List the prime factors of 179881798.
2, 89940899
What are the prime factors of 1206595170?
2, 3, 5, 11, 29, 14009
What are the prime factors of 23391229?
131, 178559
What are the prime factors of 7461231502?
2, 431, 8655721
What are the prime factors of 192139133?
192139133
What are the prime factors of 106766491?
13, 19, 313, 1381
List the prime factors of 13563438.
2, 3, 7, 322939
List the prime factors of 1862925178.
2, 17, 137, 399941
What are the prime factors of 487667756?
2, 19, 2341, 2741
What are the prime factors of 5273053790?
2, 5, 527305379
List the prime factors of 1729588658.
2, 7, 19, 59, 191, 577
What are the prime factors of 939950046?
2, 3, 7, 113, 9431
What are the prime factors of 66866506?
2, 7, 139, 34361
What are the prime factors of 164611210?
2, 5, 16461121
List the prime factors of 420263549.
59, 1087, 6553
List the prime factors of 301272236.
2, 75318059
What are the prime factors of 5246457734?
2, 7, 23, 239, 9739
What are the prime factors of 125053132?
2, 31, 1008493
What are the prime factors of 247098554?
2, 41, 43, 70079
What are the prime factors of 82663746?
2, 3, 11, 29, 43189
List the prime factors of 717374646.
2, 3, 23, 1123, 1543
What are the prime factors of 117115211?
47, 2491813
What are the prime factors of 86190438?
2, 3, 61, 235493
What are the prime factors of 229584490?
2, 5, 17, 4673
What are the prime factors of 1999350632?
2, 233, 1072613
List the prime factors of 3407870160.
2, 3, 5, 487, 9719
List the prime fa